). Let q be (49/(-2))/7*n. Let s(y) = -y - 6. Calculate s(q).
1
Let i(r) be the third derivative of r**7/5040 - 11*r**6/360 - 17*r**5/60 + 13*r**2. Let d(l) be the third derivative of i(l). What is d(0)?
-22
Let i(q) = -q**3 - q**2 - q - 3. Let r(s) = -s - 9. Let z be r(-6). Give i(z).
18
Let z(h) = -h**2 - 4*h + 14. Let g(y) = -6*y**2 - 20*y + 73. Let p(f) = 2*g(f) - 11*z(f). Give p(6).
-20
Let w(b) = 6 + b**2 + 97*b - 101*b - 18. What is w(6)?
0
Let s = 24 + -21. Suppose -12 + 6 = -s*g. Let p(i) = -5 + 10 - i + 7*i**g - 6. Determine p(-1).
7
Suppose 0*d = d + 5*c - 11, -2*c + 7 = 3*d. Let m(q) = -3*q + 1. Let s be m(d). Let h(k) = -2*k + 3*k**2 + 1 - 3*k**2 + 1 - 2*k**2. Determine h(s).
-2
Let g = 9 + -10. Let q be 0/3 - (2/2 + g). Let h(o) = o**3 - o - 5. Calculate h(q).
-5
Suppose 23*q - 19*q - 24 = 0. Let p(a) = a + 1. What is p(q)?
7
Let a(h) be the second derivative of -h**4/12 - h**3/6 + 5*h**2/2 + h. Let z(v) = 2*v**3 + 86*v**2 + 81*v - 131. Let j be z(-42). Determine a(j).
-15
Suppose -9*v - 51 = -15. Let p(d) = d. Let q(i) = -i + 1. Let s(z) = v*p(z) - 5*q(z). What is s(4)?
-1
Let h be ((-2)/3)/(2/9). Let q(b) be the third derivative of 0*b + 1/120*b**6 - 1/8*b**4 + 0 - 1/2*b**3 - 7*b**2 + 1/20*b**5. Calculate q(h).
6
Suppose -12*p - 11 = 1. Let i(h) = 8*h**3 - 5*h**2 - h + 5. Let y(a) = 7*a**3 - 4*a**2 - a + 4. Let m(f) = -4*i(f) + 5*y(f). Calculate m(p).
-2
Let s(m) = 8*m**2 + 11*m**2 + 16*m + 7*m**2 - 27*m**2 + 5 - 17*m. Give s(0).
5
Let q be (-9 - 0)*(-14)/42. Suppose 0 = 5*j + q*u - 5, 4*j - 16 - 5 = u. Suppose 0 = -4*d, j*v + 0*d - 5*d + 20 = 0. Let g(z) = -z + 6. What is g(v)?
11
Let b(g) be the second derivative of g**4/6 - g**3/2 - 6*g**2 + 6*g + 1. Give b(5).
23
Let s(m) = 4*m**2 - m + 11. Let z(g) = -4*g**2 + 2*g - 14. Let v(o) = 4*s(o) + 3*z(o). What is v(-2)?
14
Let u(m) = -m - 9. Suppose -23 = 3*k - v, -4*k - 8*v = -3*v + 37. Let a be u(k). Let g(i) = -i**3 - 3*i**2 + 3*i**3 - i + 2*i**2. Give g(a).
-2
Let r(a) = 14*a - 4. Let m be r(1). Suppose 3*u + 25 = m. Let v(i) = -i**3 - 4*i**2 + 4*i - 6. Calculate v(u).
-1
Let q = -425 - -430. Let m(c) = c**2 - 6*c. Determine m(q).
-5
Let l(d) = -4 - d - 3*d + 0*d - 5*d**2 + 0*d**2 + d**3. Suppose -29 = -3*w - 11. Determine l(w).
8
Let k(a) = -2*a - 3. Suppose -4*c + f + 28 = 3*f, -5*c = -2*f - 26. Suppose 0 = -4*y + 10 + c. What is k(y)?
-11
Let c(g) = -g + 2. Let a = 4 + -12. Let r = 9 + a. Suppose -5 - r = 2*p. Calculate c(p).
5
Let m = 20 - 20. Let v(l) = l**2 - l + 6. Give v(m).
6
Let d be 3/(4 - 7)*-2. Suppose 6*a - d + 8 = 0. Let k = a + -5. Let s(w) = -w**3 - 5*w**2 + 5*w - 6. What is s(k)?
0
Let k(c) = c**2 + 4*c - 14. Let n = 82 - 89. What is k(n)?
7
Let v(i) = -i**3 + 8*i**2 + 23*i + 114. Let x be v(11). Let g(p) = p**2 - 2*p - 3. Give g(x).
5
Let f(o) = -o + 6. Let s be (-30)/8*(-48)/(-18). Let r = s + 12. Suppose r*w + 6 = 3*w. Calculate f(w).
0
Let p(u) = -5*u + 4 - 6 + 4*u + 2*u. Give p(4).
2
Let l(w) = 30 - w + 11 - 25. Calculate l(20).
-4
Let i(s) = s**3 - 8*s**2 - 18*s + 2. Let u(z) = -z**2 - 3*z. Let l(a) = i(a) - 3*u(a). Calculate l(6).
-16
Let u(z) = 3*z**2 - 3*z - 3. Let i(b) = -b**2. Let f(h) = 4*i(h) + u(h). Suppose -2*g + 5*g + 12 = 0. Determine f(g).
-7
Let a(u) = -5*u**3 - 8*u**2 - 7*u + 12. Let f(j) = -9*j**3 - 17*j**2 - 15*j + 25. Let h(d) = -7*a(d) + 4*f(d). Determine h(-11).
16
Let c(g) = -g**3 + 6*g**2 - g + 4. Let k be (2/(-12)*-2)/((-13)/(-351)). Suppose -9*h + 45 = -k. Determine c(h).
-2
Let u = 31 - 26. Let c(v) = 0 - 4*v - u*v + 5*v + 3. Suppose 2*d = -8, -3*d - 28 = -3*r - 10. What is c(r)?
-5
Let b(i) be the first derivative of -i**4/4 - i**3/3 + i**2 + i - 28. Give b(2).
-7
Let a = 0 - -1. Let y(t) = 2*t + 6. Suppose -1 = h + 3*s - 0, -2 = 2*h - 5*s. Let o(p) = p. Let d(m) = a*y(m) + h*o(m). Determine d(0).
6
Let y be (11 - (6 - (-4 + 6))) + -7. Let b(s) be the third derivative of -1/8*s**4 + 0*s + y*s**3 + 0 - 7*s**2. Calculate b(1).
-3
Let y(v) = -v**2 - 3*v + 1. Let i be 4 + (-3 + 8)*4/(-10). Suppose -g + 14 = 4*r, i*g + 4*r = 2*r + 10. Determine y(g).
-9
Let c(s) = -s + 13. Suppose -9*d - 407 = -461. Give c(d).
7
Suppose -2*y = -5*p - 17 - 3, 16 = 3*y - 4*p. Let i(v) = v**3 - v**2 + v + 1. Calculate i(y).
1
Let y be -2*1/(-1) - (-2 + 3). Let s(u) = 8*u - 3. Let t be s(y). Let q(i) = -i - 7. Calculate q(t).
-12
Suppose 3*i = -2*l + 12, -l - i = -6*l - 4. Let q be 2/(-8) - (-42)/8. Suppose q + l = -h. Let v(j) = j**3 + 4*j**2 - 4*j + 5. Calculate v(h).
0
Let p(w) = w**2 + 8*w - 3. Let z = -29 + 32. Suppose 54 - 3 = z*h. Suppose h*c - 18*c - 6 = 0. Give p(c).
-15
Let o(s) = -6*s**2 - s - 4. Let u(d) = -d**2 - d - 1. Let c(f) = -o(f) + 4*u(f). Calculate c(4).
20
Let p(x) be the first derivative of 3/2*x**2 + 4*x + 5/3*x**3 + 1/2*x**4 + 12. Calculate p(-3).
-14
Let w = 219 - 213. Let u(p) be the third derivative of 0 - 5/6*p**3 + 0*p + 7/24*p**4 + p**2 - 1/60*p**5. Give u(w).
1
Let w(z) = -z**3 - 5*z**2 + 5. Let f = 4 + -17. Let n(q) = -q**3 - 13*q**2 + 15*q - 4. Let o be n(-14). Let m = o - f. Calculate w(m).
5
Let a(u) = -3*u + 16. Let v be a(4). Let z(g) = -2*g**2 + 3*g - 4. Give z(v).
-24
Let h(i) = -1 + 0 - 3*i + 2*i + 0. Let v(k) = -k**2 - 3*k - 21. Let o(w) = -2*h(w) + v(w). Calculate o(0).
-19
Let y(z) be the first derivative of z**3/3 - 6*z**2 + 14*z - 72. Calculate y(10).
-6
Let t = -11 + 11. Let u be (t + -6)/(4/14). Let f be 0*(u/6)/7. Let n(i) = i**3 + 2. Give n(f).
2
Let a(j) = -j**3 + 7*j**2 - 6*j + 6. Let k = 214 - 208. Calculate a(k).
6
Suppose -q + s - 7 = 0, -s + 11 = -4*q + q. Let k(p) = p**2 + 2*p. What is k(q)?
0
Let c(b) = -3*b - 4. Suppose 36 = 2*f + 3*d, -4*f + 2*d = -0*f - 56. Suppose 2*z + f = -3*z. Determine c(z).
5
Let x(b) = 13*b - 65. Let p be x(5). Let q(f) = -f**3 - f**2 + 8. Calculate q(p).
8
Let u(t) = t**2 - 6*t + 9. Suppose -48*v - 533 = 619. Let x = -27 + 45. Let y be v/18*x/(-4). Calculate u(y).
9
Let d(v) = 71*v**2 + 6 - 15 - 72*v**2 + 12 - 2*v. Give d(2).
-5
Let v(b) = -2*b**2 - 4 - 11*b - 3*b - 15*b + 26*b + b**3 - b**2. Determine v(4).
0
Let g(o) = -o + 1. Let b = -22 - -24. Suppose -b = 2*p - 12. Suppose p*s + 2 = 7*s. Give g(s).
0
Let g(n) be the first derivative of -n**3/3 - n**2 + n - 73. Give g(-4).
-7
Suppose -z + 3*p = -0*z - 9, 4*z - 3*p = 18. Let r(n) = 12*n - 2 + 2 - z + 4. What is r(1)?
13
Let w(k) = 4*k + 0*k + 1 - k - k**2 - 8*k. Give w(-4).
5
Let w(x) = -x**2 + 10*x - 15. Let u = 514 - 507. What is w(u)?
6
Let i(a) be the first derivative of a**2/2 - 10*a - 593. What is i(11)?
1
Let c(v) = v**3 - 5*v**2 + 3*v. Suppose 4*n - 29 = 3*l, -32*n = -29*n - l - 18. Determine c(n).
15
Let s(a) be the third derivative of a**5/60 + a**4/3 - 13*a**3/6 + 429*a**2. Determine s(-11).
20
Suppose -x = -7*w + 3*w + 39, 0 = 2*w + 2*x - 32. Let a(p) = 5*p**2 + 3*p**2 + 3*p - w*p**2. Determine a(3).
-18
Let v(o) be the first derivative of o**4/12 + o**3/3 - o**2/2 - 42*o - 2. Let c(i) be the first derivative of v(i). Calculate c(-4).
7
Let f(t) be the first derivative of -t**4/4 + 4*t**3/3 + 5*t**2/2 - 5*t - 3. Let r = 42 + -22. Suppose -25*b + 20 = -r*b. Calculate f(b).
15
Let n(h) = 3*h - 2*h + h**3 + 5*h + 0*h + 5 - 14*h**2 + 7*h. Give n(13).
5
Let y(g) be the first derivative of g**4/2 - 4*g**3/3 + 3*g**2/2 - 3*g - 306. Give y(2).
3
Let z(i) = i**2 - 2*i - 3. Suppose 0 = -3*n - 2*v - 15, v + 6 = -11*n + 10*n. Calculate z(n).
12
Let a(j) = -7*j**2 + 10*j - 3. Let d(h) = -3*h**2 + 3*h - 2*h + 2*h**2 - 1. Let o(z) = -a(z) + 6*d(z). Let r be (18/(-4))/(-3)*2. Determine o(r).
-6
Let y(r) = -2*r**2 + r + 1. Let q(a) = a**3 - 8*a**2 + 8*a + 4. Let g(d) = -q(d) + 6*y(d). Calculate g(-2).
-2
Let o(x) = -12*x + 3. Let j(d) be the third derivative of -d**2 - 1/6*d**3 + 1/24*d**4 + 0 + 0*d. Let y(n) = 3*j(n) + o(n). Determine y(1).
-9
Let t(f) = 78 - f**2 - 87 + 2*f**2 - f - 3*f. Suppose -s = 2*s - 21. Calculate t(s).
12
Let h(g) = 10*g + 9*g**2 - 7 - 2 + 2 - 8*g**3 + 7*g**3. What is h(10)?
-7
Let t(i) = -1 + 2*i + 3*i - 9*i + 10*i. Let p(j) = -12*j + 3. Let l(b) = -3*p(b) - 7*t(b). Calculate l(2).
-14
Let y(t) be the second derivative of -t**7/2520 - 7*t**6/720 + t**5/40 - 13*t**4/12 - 7*t. Let l(j) be the third derivative of y(j). Give l(-7).
3
Let h = -20 - -23. Suppose h*q - 1 = -16. Let v(k) be the thi